composite?
True
Is 765295789 a prime number?
True
Is 151431179 composite?
False
Is 9533227469 composite?
True
Is 1299971009 composite?
False
Is 51663216931 composite?
True
Is 18655018307 a composite number?
False
Is 12263899681 composite?
True
Is 14992531189 a composite number?
True
Is 16463325019 a prime number?
True
Is 4353423521 a prime number?
True
Is 249176383 composite?
False
Is 8500695941 a prime number?
False
Is 32474909 a composite number?
False
Is 739213427 a composite number?
False
Is 12331289569 a prime number?
False
Is 34859614859 a prime number?
True
Is 12229961191 composite?
True
Is 116343001783 composite?
True
Is 7587987827 a prime number?
False
Is 539463653 a composite number?
True
Is 2099207615 prime?
False
Is 35786392501 composite?
True
Is 61809406817 prime?
True
Is 104935629 a prime number?
False
Is 2768445541 composite?
False
Is 19329163807 a prime number?
True
Is 4244135549 prime?
True
Is 11212742927 a prime number?
False
Is 1194196541 a composite number?
True
Is 711117749 composite?
True
Is 54656341007 composite?
False
Is 38734038163 composite?
False
Is 735815051 composite?
False
Is 4633723687 prime?
True
Is 20393523503 a composite number?
False
Is 115675697 a prime number?
True
Is 5934051077 a prime number?
True
Is 14757225929 a prime number?
True
Is 517223009 prime?
False
Is 44502270686 composite?
True
Is 25588798537 composite?
False
Is 2614728509 a composite number?
False
Is 1108279973 a composite number?
False
Is 36260047537 composite?
True
Is 1117566878 a prime number?
False
Is 94563661 prime?
True
Is 17103554339 a composite number?
False
Is 721431514 prime?
False
Is 4412294423 prime?
False
Is 263118179 composite?
True
Is 11939837653 prime?
False
Is 6061244347 a composite number?
True
Is 293888419 composite?
True
Is 327778831 a prime number?
True
Is 3344913797 a composite number?
True
Is 898589891 a prime number?
True
Is 1716185861 composite?
True
Is 1004772653 a prime number?
True
Is 268283107 prime?
False
Is 3115156439 a prime number?
True
Is 2889024839 a composite number?
True
Is 32181906641 a composite number?
False
Is 1817272319 a composite number?
True
Is 14059658667 prime?
False
Is 108758681 a prime number?
True
Is 15564569329 composite?
True
Is 651269585 prime?
False
Is 295185724923 a composite number?
True
Is 1995080803 prime?
True
Is 243540220043 a prime number?
True
Is 160669517 prime?
False
Is 5905054609 a composite number?
False
Is 1528493927 composite?
True
Is 24081937931 a prime number?
False
Is 38788187953 prime?
True
Is 4120518113 prime?
True
Is 8693288729 a composite number?
False
Is 6323742401 prime?
True
Is 46097822077 a composite number?
False
Is 6028948223 prime?
True
Is 6310554163 a prime number?
True
Is 1350863047 a prime number?
True
Is 1884492403 a prime number?
False
Is 1977384881 a composite number?
False
Is 3633310691 prime?
False
Is 198287771 a composite number?
True
Is 2583967951 composite?
False
Is 68257440326 a prime number?
False
Is 2118704467 a prime number?
False
Is 2466316393 composite?
True
Is 2144416759 a composite number?
False
Is 315423973 composite?
False
Is 11584323643 a composite number?
True
Is 62593062757 a composite number?
False
Is 325159449 a prime number?
False
Is 845458993 prime?
False
Is 13335703123 prime?
True
Is 1108428829 a prime number?
True
Is 805661 composite?
True
Is 867621593 a prime number?
True
Is 4617613439 a composite number?
True
Is 10364568623 a composite number?
False
Is 1454993321 prime?
True
Is 551184323 a prime number?
True
Is 10960360393 a composite number?
False
Is 2692075093 prime?
False
Is 49878594263 a prime number?
True
Is 1149562637 prime?
False
Is 7420694159 a prime number?
True
Is 206956081 composite?
True
Is 11455257287 a composite number?
False
Is 2756260817 composite?
False
Is 85833570895 a composite number?
True
Is 121035067379 composite?
False
Is 8988719 a prime number?
False
Is 243239639 a prime number?
True
Is 10777995994 a prime number?
False
Is 433551683 composite?
False
Is 1607509523 composite?
True
Is 51032289901 composite?
False
Is 9098575631 prime?
True
Is 299789731 prime?
True
Is 117465091 a composite number?
False
Is 130450820297 composite?
True
Is 42734391173 prime?
True
Is 35809987009 a composite number?
False
Is 5782163381 a composite number?
False
Is 6849909133 a composite number?
False
Is 1291588871 a prime number?
False
Is 1229230501 a composite number?
False
Is 16861213337 a composite number?
False
Is 2295990881 composite?
False
Is 337787929 prime?
False
Is 1072753111 a composite number?
True
Is 62020040573 composite?
False
Is 10139898683 a composite number?
True
Is 342342799 a prime number?
True
Is 1829083283 prime?
True
Is 317335045 a composite number?
True
Is 38586791741 composite?
False
Is 41277367167 prime?
False
Is 1832729611 prime?
False
Is 21280451329 a prime number?
False
Is 238845011 a prime number?
False
Is 2736844309 a composite number?
False
Is 6590766173 a composite number?
True
Is 647067133 prime?
True
Is 6491637023 prime?
False
Is 83607659731 a composite number?
True
Is 9436009267 a composite number?
False
Is 1777210558 a prime number?
False
Is 3798116453 prime?
True
Is 777083677 composite?
False
Is 3906243881 composite?
True
Is 2050850027 a prime number?
True
Is 326991149 composite?
False
Is 67646596223 a composite number?
False
Is 10936604333 a prime number?
True
Is 271807838 composite?
True
Is 507826321 prime?
True
Is 49266618377 a prime number?
True
Is 3788030294 composite?
True
Is 1058731703 a composite number?
False
Is 595622383 a prime number?
False
Is 17001333443 prime?
True
Is 13752017857 prime?
True
Is 3870929389 a composite number?
False
Is 2241570899 composite?
True
Is 1596313337 composite?
False
Is 401385711 a composite number?
True
Is 2900894731 a composite number?
True
Is 4972584941 prime?
True
Is 11516127317 prime?
True
Is 25395549 prime?
False
Is 2572676263 a prime number?
True
Is 1197726451 composite?
True
Is 1664517997 a composite number?
True
Is 2267817841 prime?
False
Is 33184618237 a prime number?
True
Is 6022570531 prime?
True
Is 9513526741 a composite number?
False
Is 183056609 composite?
True
Is 152576447351 composite?
False
Is 81043595563 prime?
False
Is 15036141007 composite?
False
Is 2812492103 composite?
False
Is 1397158439 prime?
False
Is 45904060519 a composite number?
True
Is 1841618869 a composite number?
False
Is 2240997751 prime?
True
Is 46335158021 a composite number?
True
Is 3080917549 composite?
False
Is 4180492523 composite?
True
Is 16664785877 a composite number?
False
Is 1491914537 composite?
False
Is 16138524491 a composite number?
False
Is 1761852193 composite?
False
Is 18217530299 prime?
True
Is 1842089531 composite?
True
Is 5083725217 a prime number?
False
Is 85075521649 prime?
False
Is 7052604029 composite?
False
Is 4234452623 composite?
True
Is 1330797577 prime?
True
Is 274437227 a composite number?
False
Is 69777683401 composite?
False
Is 88849903 a prime number?
False
Is 478733741 composite?
False
Is 624405039 prime?
False
Is 5319852257 prime?
True
Is 308925901 a prime number?
True
Is 61434256223 a prime number?
False
Is 5323906319 a composite number?
True
Is 143591264191 a composite number?
False
Is 9691300106 composite?
True
Is 40400100269 a composite number?
False
Is 48314156057 prime?
False
Is 168896369 prime?
False
Is 326445022595 prime?
False
Is 21242339 composite?
False
Is 767745973 prime?
False
Is 683020549 prime?
True
Is 87679351 composite?
True
Is 4680361619 a prime number?
True
Is 3174915145 a composite number?
True
Is 33132122861 composite?
False
Is 9773409343 a prime number?
False
Is 532401703 a prime number?
True
Is 8960985443 a prime number?
True
Is 63312413 a prime number?
False
Is 443706143 a prime number?
False
Is 5390987689 a composite number?
True
Is 10724058049 composite?
False
Is 409123501 a composite number?
False
Is 165663301 a composite number?
False
Is 6152633783 composite?
False
Is 2718019289 a prime number?
False
Is 68910817 composite?
True
Is 12072359503 composite?
True
Is 9168249479 a composite number?
False
Is 375244501 a prime number?
True
Is 185975323 prime?
True
Is 1222493473 composite?
False
Is 3466875371 a prime number?
True
Is 3797544683 composite?
False
Is 1662740869 a composite number?
False
Is 2690558051 prim